 l(u) = u**2 - 32*u + 123. Let t be l(27). Calculate r(t).
8
Suppose -5*z - 7 = -3*w, 0 = -z - z - 10. Suppose -s - 11 = -115. Let p(j) = -96 - j**2 - 3*j - j + s. Give p(w).
-4
Suppose 42 = 12*s + 9*s. Let b(l) = 4 + 2*l**2 - 2*l - 2 - 6*l**3 + 5*l**3. Calculate b(s).
-2
Let h(t) be the third derivative of -t**5/60 + 5*t**3/3 + t**2. Let j = 115 - 89. Let v be j/(-6) + 1/3 - -4. Calculate h(v).
10
Let c = 12 + -5. Let f(j) = 12*j + 13. Let w(s) = 7*s + 7. Let l(v) = -3*f(v) + 5*w(v). Determine l(c).
-11
Let j(k) = -k - 5. Let x be j(-7). Let z(d) = 4 + x*d + 1 + 1 - 3. What is z(3)?
9
Let g(d) = d - 1. Let j(c) = -c**3 + 16*c**2 - 27*c - 10. Let y be j(14). What is g(y)?
3
Suppose 11 = 2*t + 3. Let y(q) = -7 - 3*q + t*q + 6 - q**3 + 8*q**3. Suppose 5*c + 4 = -3*d, -3*c + 5*d = -5*c - 13. Calculate y(c).
7
Let z(u) = u**2 - 7*u + 6. Suppose -4 = 3*o + 5. Let p be (-13)/o + (-13)/39. What is z(p)?
-6
Let t(r) be the second derivative of r**5/20 + 2*r**4/3 + r**3/6 - r**2 - 177*r. Give t(-8).
-10
Let d(v) = -18*v**2 - v. Let c be ((-1)/2)/((-12)/72) + -3. Suppose -3 + c = 3*z. Determine d(z).
-17
Let k(u) be the second derivative of -2*u**3/3 + 7*u**2/2 - 180*u. Calculate k(-7).
35
Let i(d) = 5*d**2. Let k(z) = 12*z**2 + 2. Let n(r) = 5*i(r) - 2*k(r). Determine n(-4).
12
Let x = -17 + 19. Let v(i) = x + 20*i - 4*i + i**2 - 19*i + i**3. What is v(2)?
8
Let g(b) = -b**2 - 8*b - 2. Let a = -298 + 291. What is g(a)?
5
Suppose 3*m = -4*w + 1, -m - 2 = 3. Let c(k) be the third derivative of 1/6*k**w + 0 + k**2 + 0*k - 1/6*k**3 - 1/60*k**5. Calculate c(5).
-6
Suppose 0 = 4*x - 5*v - 8, -2 = -x - 11*v + 12*v. Let z(m) = m - 3. Give z(x).
-1
Let h be 494/840 + (-144)/252. Let q(r) be the third derivative of -5*r**2 + 1/3*r**4 + 0*r + h*r**5 + 0 + 1/3*r**3. Give q(-8).
2
Suppose -x - 6 = 4*d, 12 = 5*x + d - 15. Let a(r) = -2*r + 5. Give a(x).
-7
Let r(t) = 4 - 11*t + 2*t + 3*t + 2*t**2. Calculate r(4).
12
Suppose -2*l + 10 = -4*f, 5*l + 3*f = 6*l - 6. Suppose -7 - 5 = 4*q - 5*m, -q - l = m. Let p(o) = -o**3 - 5*o**2 - 5*o - 3. Calculate p(q).
-6
Suppose p - 1 = 1. Let r(s) be the first derivative of s**3 + 8*s - 4. Let d(x) be the first derivative of r(x). Determine d(p).
12
Let i(f) = -f**3 + f**2 + f + 2. Let q be (-64)/(-28) + 4 + 150/(-35). Determine i(q).
0
Suppose 9 = 5*f - 11. Let i(l) = 0*l + 2*l + f - 4*l**2 - l**3 + 0*l + 3*l. Let x be -2 - (-4)/((-2)/1). Give i(x).
-16
Let r be 9/(-6)*2*(1 + -4). Let t = -8 + r. Let i(f) be the second derivative of -2*f**4/3 + f. What is i(t)?
-8
Let r(c) be the second derivative of -2*c**5/5 - c**4/12 - c**3/6 - 14*c. Calculate r(-1).
8
Let v(s) = -6*s - 12. Let z(a) = -a**2 - 10*a - 27. Let r be z(-6). Calculate v(r).
6
Suppose 0 = 3*k + 8 - 14. Let c(t) = 1 + 2*t**2 - k*t**3 + t**3 + 2*t**2 - t - 6*t**2. Suppose 3*w - 3*u - 15 = -6, 0 = -5*w - 5*u - 35. Calculate c(w).
3
Let h(a) be the third derivative of a**4/24 - a**3/3 + a**2. Let w = -2138 + 2146. Calculate h(w).
6
Suppose 0 = 5*y - 5, -3*f + y = -3*y + 4. Let x(n) be the second derivative of 1/20*n**5 - 3/2*n**2 + 1/2*n**4 - 8*n + 1/2*n**3 + f. Give x(-5).
7
Suppose 5*h = 11*h - 18. Let g(a) = 11 - h*a - 16 - 4*a. What is g(-4)?
23
Let o(b) be the second derivative of -5*b**3/3 + b**2 - 3*b - 18. Calculate o(1).
-8
Let q(o) be the first derivative of -o**2/2 - 4*o - 15. What is q(3)?
-7
Suppose 0 = 11*y - 9*y. Suppose 4*w - 26 = -22. Let k(j) = 9 + 1 + 2*j - 3*j + w. Calculate k(y).
11
Let g(v) = -31*v - 3. Let l = -159 - -166. Let q(o) = 10*o + 1. Let n(j) = l*q(j) + 2*g(j). Let y(i) = i - 2. Let b be y(3). Calculate n(b).
9
Let k be (-7)/(3 - 4) + -10. Let v(j) = -5*j + 1. Calculate v(k).
16
Let p = -90 + 94. Let k(v) = 2*v**3 - 7*v**2 - 4*v + 6. Let c be k(p). Let a(s) = s**2 - 6*s + 9. Calculate a(c).
9
Let m = -66 - -118. Let i = m - 46. Let o(j) = -j**2 + 9*j - 5. Determine o(i).
13
Let n(p) = -p**2 - 3*p - 2. Let y(u) = -6*u**2 - 15*u - 9. Let q(f) = 11*n(f) - 2*y(f). Let k be (-624)/(-44) + 12/(-66). Let t be 259/49 + (-4)/k. Give q(t).
6
Let z(x) be the third derivative of x**4/4 + 2*x**3/3 - x**2. Suppose 25 + 25 = 10*q. Let j(b) = -11*b - 7. Let k(a) = q*z(a) + 3*j(a). Give k(-1).
2
Let k(t) = -2*t**3 + 7*t**2 + 11*t + 3. Let x(w) = -3*w**3 + 14*w**2 + 21*w + 6. Let b(u) = -5*k(u) + 3*x(u). Let v = 350 - 356. Determine b(v).
-9
Suppose -6*y + 29 = -3*f - 11*y, 5*y - 115 = 5*f. Let n be 2 - (-40)/f - 203/(-63). Let j(h) = 2*h**3 - 4*h**2 + 3*h - 4. Calculate j(n).
23
Suppose -6 = -174*w + 173*w. Let d(s) = 7*s + 9. Let j(b) = 11*b + 14. Let m(n) = -8*d(n) + 5*j(n). What is m(w)?
-8
Let s(g) be the third derivative of -g**4/6 + g**3/2 - 88*g**2 + 2*g. Calculate s(4).
-13
Let p(n) = -n**2 - 6*n - 5. Let l = 15 - 13. Let s(i) = -25*i - i**l - 6 + 8*i + 9*i. Let b be s(-8). Give p(b).
-5
Let z(g) be the first derivative of -g**2 - 10*g - 11. Determine z(-5).
0
Suppose -1 = -y + 1. Suppose 2*u + 20 = -y*u. Let d(p) = 3*p - 1 - 4*p + 2*p. What is d(u)?
-6
Let w(s) = s**3 - 3*s**2 - 5*s. Let z(p) = -p**2 - 6*p + 4. Let d(l) = 2*l**2 + 15*l + 12. Let b be d(-6). Let t be z(b). What is w(t)?
-4
Let y(f) = -7*f**2 - 10*f + 14. Let u(q) = -3*q**2 - 5*q + 6. Let i(n) = 5*u(n) - 2*y(n). Determine i(-6).
-4
Let d(n) = -9*n**2 - 9*n - 3. Let y(a) = a - 1. Let b(i) = -d(i) - 4*y(i). Let j(q) = -8*q**2 - 4*q - 6. Let f(r) = 6*b(r) + 7*j(r). Let u = -1 + 3. Give f(u).
-4
Let w(d) = -d**3 + 8*d**2 - 6*d + 6. Let l be w(7). Let a(b) = 3*b - l + 22 - 4*b**2 + b**3 - 5. What is a(3)?
4
Let v(a) = 2*a**2 + 23*a - 4. Let r(u) = u**2 + 12*u - 3. Let y(c) = 5*r(c) - 3*v(c). Calculate y(-9).
-3
Let d(c) be the third derivative of c**6/120 - 3*c**5/20 + c**4/24 - 5*c**3/6 + 131*c**2. What is d(9)?
4
Suppose -y - 7 = -3*o - 2, -4*y - 5*o + 48 = 0. Let r(q) = q**3 - 5*q**2 - 12*q. Calculate r(y).
14
Let t(y) = -y - 2. Suppose -2*i - 88 = -2*q, i - 224 + 23 = -4*q. Let p = q - 51. Calculate t(p).
0
Let b = 39 - 41. Let i be ((-1)/b)/((-7)/14). Let o(m) = -m**2 + 1. Calculate o(i).
0
Let d be 3 + (4 - 2 - 0). Let y(n) = n - 7 - 2 + d. Let u(l) = -2*l**2 - 2*l - 2. Let f be u(-2). Give y(f).
-10
Let a(t) = 10*t**2 - 16*t. Let v(p) = 44*p**2 - 65*p - 1. Let i(j) = -9*a(j) + 2*v(j). What is i(7)?
-2
Let c(z) = 2*z + 1. Let q be c(-3). Let i(j) = -42*j**3 + 16*j**2 - 8*j + 5. Let x(s) = -11*s**3 + 4*s**2 - 2*s + 1. Let b(y) = -6*i(y) + 23*x(y). What is b(q)?
8
Let w(n) be the third derivative of n**6/60 - n**5/30 - n**4/12 - n**3/3 - 21*n**2 - 4*n. Determine w(-2).
-22
Let m(y) = 1. Let n(p) be the second derivative of p**3/3 + 7*p**2/2 - 31*p. Let g(u) = 4*m(u) - n(u). Determine g(-4).
5
Suppose 62*b = 34*b + 84. Let k(f) = f**3 + 0*f**3 + 2 + 12*f + 7*f - 20*f - 4*f**2. Calculate k(b).
-10
Let d(s) be the second derivative of -s**3/6 - 4*s**2 - 375*s. What is d(-10)?
2
Suppose 5*y + 3*b = 3, -2*y + 2*b + 17 - 3 = 0. Let g(q) be the first derivative of 6 - 7/3*q**y + 1/4*q**4 + 7/2*q**2 + q. Give g(6).
7
Let j(u) be the first derivative of -10/3*u**3 + 2*u - 1/4*u**4 + 11/2*u**2 - 20. What is j(-11)?
2
Suppose -601*i = -592*i - 36. Let j(z) be the first derivative of 9 - i*z + 9/2*z**2 - 1/3*z**3. Determine j(6).
14
Suppose -5*q - 52 = 4*g, -18*q - 13 = g - 15*q. Let p(u) = u - 2. What is p(g)?
-15
Let y(w) = -w**3 + 4*w**2 + 2*w + 2. Let q be y(4). Let t = 128 - 123. Let u = q - t. Let v(x) = x + 4. What is v(u)?
9
Let z(q) = -5*q**3 + q - 2. Let m(l) = -l**2 - 16*l - 47. Let k be m(-4). Give z(k).
-6
Let z(y) = y**2 + 5*y + 10. Let a be z(-4). Let m(j) be the first derivative of j**3/6 - 7*j**2/2 - j + 8. Let n(d) be the first derivative of m(d). Give n(a).
-1
Let p(v) = 9*v**2 - 6*v + 10. Let l(a) = -3*a**2 + 2*a - 3. Suppose 6 = -53*s + 50*s. Let q(o) = s*p(o) - 7*l(o). Give q(1).
2
Let h(q) = q**3 - 5*q**2 + 7*q - 6. Let g(n) = -17*n - 26*n**3 - n**2 + 25*n**3 + n + 18*n**2. Let u be g(16). Suppose u = -9*d + 3*d + 24. Determine h(d).
6
Suppose 8*k - 3*k = 15. Suppose -2*s + 3*v = s, -k*s - 3*v + 12 = 0. Suppose -s*h + 6 - 4 = 0. Let o(b) = 3*b + 1. Calculate o(h).
4
Suppose -21 = 35*q - 28*q. Let v(k) be the first derivative of 2*k**3/3 + 3*k**2/2 - 2*k + 1. Determine v(q).
7
Let w(v) be the third derivative of v**5/60 - 5*v**4/12 + 7*v**3/6 - 85*v**2. Determine w(6